hen u is divided by 31.
28
What is the remainder when ((-102)/(-12) - 8)*290 is divided by 30?
25
Suppose 0 = d + 4, -4*a - d - 378 = -430. What is the remainder when 101 is divided by a?
3
Suppose 248 = 15*s - 307. What is the remainder when 485 is divided by s?
4
Let w be (-8 - -11) + (-1 + 2 - -178). Let a = w - 176. Let h(p) = 9*p + 3. What is the remainder when h(3) is divided by a?
0
Let j be ((-44)/(-66))/((-6)/(-9)). What is the remainder when 53 is divided by j - -11 - (-6 + (8 - 6))?
5
Let f = 288 + 409. Suppose -o = -2*z - 14, -22 = -3*o - z + 3*z. Suppose 0 = o*g + 77 - f. Calculate the remainder when g is divided by 40.
35
Suppose 0 = -5*k + 3*k, -11*k - 10*k - 402 = -3*m. Calculate the remainder when m is divided by 40 + (2 - 6/2).
17
Calculate the remainder when 190 is divided by 173/9 + (-2340)/324 + 7.
0
Suppose 123 - 405 = -3*a + 84. Calculate the remainder when 445 is divided by a.
79
Let l = 495 - 262. Suppose 41 - l = -4*q. What is the remainder when q is divided by (-340)/(-1190)*189/2?
21
Let k be (-3)/(-5) - (2886/(-30))/13. Let u(l) = -l**3 + 10*l**2 - 12*l + 7. Calculate the remainder when 63 is divided by u(k).
24
Let r = 462 + -327. Let j(x) = x**3 - 11*x**2 - 476*x - 1149. Calculate the remainder when j(-15) is divided by r.
6
Let i(b) = 10*b**2 - 7*b + 4. Let h(c) = 2*c**3 - 20*c**2 + 17*c + 12. Let f be h(9). Calculate the remainder when 217 is divided by i(f).
71
Suppose 4*c = c + 84. Let s = 46 + 59. Calculate the remainder when s is divided by c.
21
Let n(l) = 5*l**3 + 873*l**2 - 347*l + 602. Calculate the remainder when 14475 is divided by n(-175).
76
Let b(c) = -2*c + 3 + 4*c**3 + 3*c - 5*c**3 + 5*c**2. Let s = 8025 - 7978. Calculate the remainder when s is divided by b(5).
7
Let t(i) = 2*i**2 - 97*i - 27. What is the remainder when 3428 is divided by t(49)?
18
Let p = 17557 + -10506. Calculate the remainder when p is divided by 85.
81
Let r = -6663 + 6878. Let x be 2/8 - 1/4. What is the remainder when r is divided by x + (-162)/(3 - 6)?
53
Let o(i) be the second derivative of -2*i**5/5 + i**4/4 + 4*i**3/3 + 3*i**2 + 13*i - 4. Calculate the remainder when 256 is divided by o(-2).
58
Suppose 32*q + 2622 = 71*q - 20*q. What is the remainder when q is divided by 85?
53
Suppose 0 = 5*q - 4*s - 99, 5*q - 9*s = -4*s + 100. Let y = 12 + q. What is the remainder when 216 is divided by y?
30
Let f = -122 + 172. Let o = f - 48. Suppose -5*c + o*p + 35 = -p, 4*p - 21 = -3*c. Calculate the remainder when 40 is divided by c.
5
Let f = 156 + -75. Suppose 4*j + j = -v + f, -4*v = j - 1. Calculate the remainder when 55 is divided by j.
4
Let l = -25 - -24. Let c be (-1350)/15 + l + 3. Calculate the remainder when 66/c - ((-75)/(-4))/(-1) is divided by 2.
0
Suppose -2664*b + 2735*b - 3408 = 0. What is the remainder when 3037 is divided by b?
13
Suppose -45 - 835 = -16*t. Let q = t + -28. What is the remainder when q is divided by 14?
13
Suppose -q = 3*v + 333 + 322, -4*v = -2*q + 880. Let d = v + 250. What is the remainder when 175 is divided by d?
20
Let q(h) = 21*h + 207. Suppose -4*r + 5*a + 37 = 0, 0*a + 50 = 5*r - 5*a. What is the remainder when q(-7) is divided by r?
8
Let d(u) = 26*u - 52. Let n be d(9). Let v = 191 - n. Calculate the remainder when 287 is divided by v.
8
Let k = 47 + 0. Suppose 74*x - 75*x - o + 182 = 0, 3*o = x - 170. What is the remainder when x is divided by k?
38
Let x = -302 + 362. Let r = 12 + -10. Suppose c + r*c = 27. Calculate the remainder when x is divided by c.
6
Suppose 3*n + 3 = -3*m - 6, 5*n + 2*m + 12 = 0. Suppose 88 = 11*r - 33. What is the remainder when n/(-1) - (-45)/3 is divided by r?
6
Let u = -1540 + 1551. Calculate the remainder when 75 is divided by u.
9
Suppose 4*m = 58 - 74. What is the remainder when 105 is divided by (3816/48)/((-6)/m)?
52
Let y(c) = -c**3 - 10*c**2 - 4*c - 69. Calculate the remainder when 473 is divided by y(-11).
89
Calculate the remainder when 1/(342848/(-245120) - 14/(-10)) is divided by 763.
3
Let m be -757*(2 - 3)*4/4. Let k = -654 + m. Calculate the remainder when k is divided by 27.
22
Let x be ((-33)/3 + -1)*8/(-12). Calculate the remainder when ((-10)/x)/((-11)/528) is divided by 21.
18
Let b = -7935 + 8810. Calculate the remainder when b is divided by 70.
35
Suppose 3*p = -160*p + 9617. Calculate the remainder when p is divided by 54.
5
Let j = -7290 + 7300. Calculate the remainder when 9819 is divided by j.
9
Let u(x) = x**2 - 3*x - 6. Let y be u(5). Suppose y*l - 3*d - 67 = 307, 4*d = -5*l + 483. Let w = l + -53. What is the remainder when w is divided by 12?
6
What is the remainder when 220 is divided by ((-6)/(-78))/(1*-1) - 159919/(-5317)?
10
Suppose 0 = 6*g + 212 - 284. Suppose g*y - 8*y - 2*p - 186 = 0, 3*p + 231 = 5*y. Calculate the remainder when 186 is divided by y.
42
Calculate the remainder when 7335/63*7*1 is divided by 402.
11
Let l = -99 - -104. Let k be 4/(l + -3) + -1697. Calculate the remainder when 3/4 - k/12 is divided by 37.
31
Let q(f) = 3*f - 2. Let t = -46721 + 46747. What is the remainder when t is divided by q(3)?
5
Let o = -8 + 23. Calculate the remainder when 216 is divided by 585/10 - o/6.
48
Suppose 19428*y - 19452*y + 1560 = 0. Calculate the remainder when 892 is divided by y.
47
Let q(r) = 4*r**2 - 38*r + 24. What is the remainder when 763 is divided by q(9)?
1
Let j(t) = 2*t**2 - 13*t + 8. Let d be 3*(160/(-6))/(-10). What is the remainder when 509 is divided by j(d)?
29
Let c be (2/(-2))/(2/10). Let m be (-1 + -2 + -2)*19/c. Let i = -2 + m. Calculate the remainder when i is divided by 6.
5
Suppose 5*b = -g + 1755, 3426 = 2*g - 12*b + 8*b. Calculate the remainder when g is divided by 27.
24
Suppose -3*g + 451 = 2*j, 3*g = 5*j - 8*j + 450. Calculate the remainder when g is divided by 153/(-21)*7/(-1).
49
Let a(l) = 24*l + 4. Let k be a(4). Suppose -k = -5*d + 135. Suppose 0 = -r - 3*b + d + 66, 107 = r + b. Calculate the remainder when r is divided by 21.
20
Let q be ((-1)/(2/(-3)))/((-6)/(-16)). Let h(x) = 25*x - 68. Suppose 0 = 3*r - r - 14. What is the remainder when h(q) is divided by r?
4
Let q be (34/1)/(3/(-15)). Let l = 185 + q. Let m(o) = o**2 - 2*o + 3. What is the remainder when l is divided by m(3)?
3
What is the remainder when 857 is divided by -852 + 1012 - ((1 - 11) + 0)?
7
Let i(x) = 2 - 6*x + 5*x**2 + 3*x**2 + 1 + 2*x**2. Let m be i(-4). Suppose -h = -2*h + m. Calculate the remainder when h is divided by 38.
35
Let y(n) = -18*n - 2*n**2 - 4 + 3*n - 2. Suppose 7*u + 10 = 4*u + 2*v, -u + 2*v + 2 = 0. What is the remainder when 23 is divided by y(u)?
11
Let q(a) = -7*a + 20. Let s be q(2). Suppose -2*t - 4*y + s*y = -24, 24 = t + 5*y. Calculate the remainder when 63 is divided by t.
7
Let g be 12 - (-1 + 4) - 5 - -44. Suppose 0 = 3*i - 90 - 192. What is the remainder when i is divided by -15*g/(-40) - (3 - -1)?
10
Suppose -3*z - 136 + 4243 = 0. Calculate the remainder when z is divided by 5.
4
Let q = 120 + -118. Suppose -32 = -q*p - 3*n + 66, 3*p + 5*n - 149 = 0. What is the remainder when 77 is divided by p?
34
Suppose -41*v + 3325 = -874 - 8798. Let q(l) = 9*l**2 - l + 2. What is the remainder when v is divided by q(-2)?
37
Let x = 116 - 111. Suppose -x*d = -7*d + 710. Calculate the remainder when d is divided by 40.
35
Suppose 464 = 2*r + 4*y, 268*y + 225 = r + 263*y. Calculate the remainder when r is divided by 12.
2
Suppose -282*q + 52471 = -17183. Calculate the remainder when 754 is divided by q.
13
Let n = -27 - -32. Suppose -3*t = -f - 4*f - 722, n*t - 3*f = 1182. Calculate the remainder when t is divided by 59.
57
Let i = 2751 + -2733. What is the remainder when 97 is divided by i?
7
Suppose -285 = 2*x - 5*x. Suppose 0 = f + 35 - x. What is the remainder when f/2 - 4/((-12)/(-9)) is divided by 15?
12
Suppose -238 = -3*h + 4*j, -h + 79 = -0*h - j. Let w = h - 61. Let t = -5 + 55. Calculate the remainder when t is divided by w.
16
Suppose 3*j = -3*c + 558, 21*c = 25*c - 2*j - 744. Suppose -381 + c = -5*i. Calculate the remainder when 2/((-382)/386 - -1) is divided by i.
37
Let l = 113890 - 113878. What is the remainder when (46/(-3))/(1/(-3)) is divided by l?
10
What is the remainder when (((-1)/(-8))/((-2)/3164))/(2905/(-127820)) is divided by 17?
14
Let o = -47078 - -47190. Calculate